List the prime factors of a.
2, 83
Suppose -3*m + 39771 = 3*x, 3*m - 44612 = 2*x - 4836. List the prime factors of m.
2, 7, 947
Suppose 5*b + 2*r = 12, 3*b = 2*r + 23 - 3. Let w be 10/((13/(-13))/(70/b)). What are the prime factors of 2 - w - (1 + 1)?
5, 7
Let m(f) = 2*f**2 + f. Let j be (1*(-2 - 2))/(-4). Let a be m(j). Suppose -v = -t + 76, -a*t + 252 = v + 2*v. What are the prime factors of t?
2, 5
Suppose -14582 = 13*o - 5417. Let x = 318 + o. Let n = x - -544. List the prime factors of n.
157
Let y = 19051 + -3263. List the prime factors of y.
2, 3947
Let n = -431 + 421. Let i(v) be the second derivative of v**4/12 + v**3/2 - 15*v**2/2 + v. List the prime factors of i(n).
5, 11
List the prime factors of ((-4)/6 - 124/372)/((-2)/30054).
3, 5009
Suppose -3*a = -4*a + 25. Let v = 64 - a. Let w = v - -27. What are the prime factors of w?
2, 3, 11
Suppose 0 = 54*g - 301609 - 215765. List the prime factors of g.
11, 13, 67
Suppose 734 = 7*s - 5083. Let q = s + 401. List the prime factors of q.
2, 7, 11
Let u be 4011*((-1)/2)/(3/2). Let t = u + 1935. What are the prime factors of t?
2, 13, 23
Suppose -3*s - 2*h = -5*s + 6, 0 = 5*s - 4*h - 16. Suppose 2*r - 3*w = -2, s*r + 0*r - 4*w - 4 = 0. What are the prime factors of 18/4*(4 - (5 - r))?
2, 3
Let h(r) = -r**3 - 8*r**2 - 11*r + 10. Let f = -20 - -24. Suppose -5*w - 1 = -4*o, f*w + w + 31 = -o. What are the prime factors of h(o)?
2
Let t = -230 - -9835. List the prime factors of t.
5, 17, 113
Suppose 24 + 3 = 3*x. Let o(p) = 3*p**2 + p + 11. List the prime factors of o(x).
263
Suppose -259973 = -5*h - 4*z + 2*z, -155986 = -3*h + z. List the prime factors of h/40 - (-4 - -2)/16.
2, 5, 13
List the prime factors of 2003 + 3 + -2 - (-24)/24.
5, 401
Suppose 14 = 12*y + 74. What are the prime factors of ((-5)/15)/(y + 34120/6825)?
5, 7, 13
Let q be 1/2*-2 - -19. Suppose 0 = -10*k + q + 32. Suppose 12*y - 1351 = k*y. List the prime factors of y.
193
Suppose 442 = 5*s - 2*z, -4*s + z = -4*z - 340. Suppose 0 = 3*u - 552 + s. Suppose -4*k = -u - 126. What are the prime factors of k?
2, 5, 7
Suppose 0*x - 77 = x. Suppose 1068 = -5*f - 197. Let m = x - f. List the prime factors of m.
2, 11
Let h = -298 - -435. Let s be (-4)/18 + h/9. Suppose 42 = 16*d - s*d. List the prime factors of d.
2, 3, 7
Let f(b) = -b**3 - 3*b - 6. Let t be f(-2). Let j be -4 + t*28 + 3. Let o = -75 + j. What are the prime factors of o?
2, 37
Let m(r) = -300*r**3 - r**2 + 16*r + 33. What are the prime factors of m(-3)?
2, 3, 673
List the prime factors of 2*(1/(-4) - ((-234487)/44 + -4)).
2, 5333
Let m be (-11832)/(-32) + (-20)/(-16). Let h = -226 + m. What are the prime factors of h?
5, 29
Let d(w) = 2*w + 44. Let m be d(-20). Let f be -1 + -5 - -6*(-2)/m. Let g(t) = 2*t**2 + 9*t - 11. List the prime factors of g(f).
2, 5, 7
Let a(i) = -12*i**3 - 14*i - 34. List the prime factors of a(-9).
2, 5, 13, 17
Let y(v) = 2*v**2 - 48*v + 132. Let z be y(18). What are the prime factors of (-7)/z - (-7845)/36?
2, 109
Suppose -2*o - 3*h = -35056, -62*o - h = -68*o + 105148. List the prime factors of o.
5, 701
Let v(h) = -2*h**2 - 23*h - 23. Let c be v(-9). What are the prime factors of (4/(-3))/(c/(-8877))?
2, 269
Suppose 1088211 + 33459 = 22*c. List the prime factors of c.
3, 5, 11, 103
Suppose -5*d + 89776 - 18221 = 0. List the prime factors of d.
11, 1301
Let p = -148 + 144. Let j be (-3)/2*80/p. List the prime factors of (-1 - 2)*j/(-6).
3, 5
Let s be (-79)/2 + (-1)/2. Let t(n) = n**3 - 3*n**2 - n + 1. Let k be t(2). Let m = k - s. What are the prime factors of m?
5, 7
Suppose -29*v = -19*v - 178860. List the prime factors of v.
2, 3, 11, 271
Let m be ((-45)/(-12))/((-3)/40). Let q = 68 + m. What are the prime factors of 546/27 - 4/q?
2, 5
Let w(v) = -2*v**2 + 74*v + 4. Let r be 365/(-75) + 5 + (-815)/(-75). What are the prime factors of w(r)?
2, 3
Let y(r) = 13*r**2 + 2*r**3 + 22 + 2*r**2 + r**2 + 19*r**2 - r. What are the prime factors of y(-17)?
2, 41
Let r = 74 - 52. Suppose 0 = 3*z + 4 - r. What are the prime factors of (z/(-4))/(5 - 55/10)?
3
Suppose -5*i + 101766 = 4*d, 81456 = 41*i - 37*i - 4*d. List the prime factors of i.
2, 3, 13, 29
Suppose -5*m + 5 = 0, 0 = -5*v - 4*m - 50 - 31. Let o be -30*((-1804)/861 - 3/(-7)). Let i = v + o. List the prime factors of i.
3, 11
Let h = 1357 + -804. Let p = h - -39. List the prime factors of p.
2, 37
Suppose 3*p = -2*h + 15479 + 34673, h = -3*p + 50147. What are the prime factors of p?
2, 61, 137
Let v(s) = s**3 - 8*s**2 + 12*s + 8. Let o be 2/(-3) + 315/27. Let h = -5 + o. What are the prime factors of v(h)?
2
Suppose -77*h + 30734 = -55*h. Suppose 3*b - h = -2*f + 1582, -3*b - 7458 = -5*f. What are the prime factors of f?
3, 7, 71
Let z = -103 + 103. Suppose -15*i + 18*i - 945 = z. List the prime factors of i.
3, 5, 7
Suppose 0 = -4*j + 4*y + 28, 16 = 2*j + 2*j - y. Suppose 0 = -p + 4*g - 5*g + 34, 64 = 2*p + j*g. Let o = p - -90. What are the prime factors of o?
2
Suppose 2*f + 2*g - 3*g - 48 = 0, -3*f = 3*g - 72. Let n be (-4)/(-6) - (-8)/f. What are the prime factors of 9*((-115)/(-15) + n)?
2, 3, 13
Suppose 0*d - 403492 = -5*g - d, 2*d = -2*g + 161392. What are the prime factors of g?
17, 47, 101
What are the prime factors of ((-19)/(-2))/(9/7974)?
19, 443
Let j be (-18)/(-5) + (-18)/30. Suppose 5*y = j*y + 14. Suppose 6*v + 35 = y*v. What are the prime factors of v?
5, 7
Suppose 4*p + 1812 = -4*c, 4*p + 0*c = 2*c - 1830. Let a = p + 789. Suppose 2*j + 119 = -2*q + a, 3*j - 289 = 5*q. List the prime factors of j.
103
Let t(n) = 28*n + 7. Suppose 3*f - 81 + 66 = 0. Suppose -4*x = -f*q + 30, 7*q = 8*q - 5*x - 27. What are the prime factors of t(q)?
3, 7
Let i(q) = -14*q**2 - 4*q - 10*q**2 + 4 - 13*q**2. Let u(k) = k**2 - k + 1. Let d(l) = -2*i(l) + 6*u(l). What are the prime factors of d(1)?
2, 5
Let q(k) be the second derivative of -5*k**4/8 - 19*k**3/6 - 13*k**2/2 + 7*k. Let s(x) be the first derivative of q(x). What are the prime factors of s(-3)?
2, 13
Suppose -1981 = 88*n - 91*n + 5*r, 5*r = 2*n - 1309. List the prime factors of n.
2, 3, 7
Suppose -4*j + 2*c + 14 = 0, -12*j + 5 = -9*j + 4*c. Suppose 5*h = -3*s + 6*s - 254, 2*s - j*h - 168 = 0. What are the prime factors of s?
2, 3, 13
Let s = -124 + 196. Let j(t) = t**2 - 11*t - 110. Let h be j(18). Let r = s - h. What are the prime factors of r?
2, 7
Suppose 4*w + 3499 = -x + 27669, -4*w + 32 = 0. List the prime factors of x.
2, 3, 149
Suppose 25*k - 66 = 19*k. Suppose 459 = -2*l + k*l. Let g = 227 - l. List the prime factors of g.
2, 11
Let j = 166 + -161. Suppose j*q = 7*q - 820. List the prime factors of q.
2, 5, 41
Let j(k) = -k**3 + 5*k**2 + 4*k - 12. Let c be j(-9). Suppose -10*x + 206 = c. Let l = -46 - x. What are the prime factors of l?
2, 3, 7
Let x(k) = k**3 - k**2 + 4*k + 2. Let j be x(0). What are the prime factors of (-2 + 1)/(j/(-894))?
3, 149
Let g(f) = -f**3 - 12*f**2 - 12*f + 8. Let d be g(-7). Let a be -146*(27/(-6) + 0)/3. Let y = a + d. What are the prime factors of y?
2, 3, 11
Suppose f - 4*r = 792, -2*r = 3*f - r - 2337. Suppose 5*t + 9*b = 8*b + 983, 4*t + 4*b - f = 0. List the prime factors of t.
197
What are the prime factors of 6/81 - ((-1767122)/(-27))/(-14)?
5, 11, 17
Let g(o) = -3*o**2 - 11*o**2 + 2*o + 26*o**2 - 11*o**2 - 31. Let p be g(5). Suppose -p*t = 3*c - 31, 3*c + 6*t - 46 = 5*t. List the prime factors of c.
17
Let d = -1969 - -7179. Suppose 4*g = 2*c + d, -4*c + 985 = g - 304. What are the prime factors of g?
1301
Suppose 3*i - 2*u = -819, -820 - 558 = 5*i + u. List the prime factors of ((-604)/6)/(-3 + i/(-99)).
3, 151
List the prime factors of (2 + 144*5)*-24*(-9)/27.
2, 19
Suppose -3*c = 2*a - 40707, 44*a = 48*a + c - 81439. What are the prime factors of a?
3, 11, 617
Let s = -628 + 1664. List the prime factors of 100/8*s/35.
2, 5, 37
List the prime factors of 226854/72 - (-3)/12.
23, 137
Suppose 0 = -2*y + 9452 - 1570 + 6392. What are the prime factors of y?
3, 13, 61
Let j be (18/33)/(3/33). Let i be j/9*(-9)/(-1 - 2). Suppose k = -5*m + 121, -i*m - 117 = -k - 6*m. What are the prime factors of k?
101
Let s(c) = 920*c + 1824. What are the prime factors of s(8)?
2, 7, 41
Let r(t) be the first derivative of 131*t**3/3 + 5*t**2 + 3*t - 264. What are the prime factors of r(-3)?
2, 3
Let a 